the prime factors of 3426974811.
3, 13, 1084829
List the prime factors of 183003003.
3, 19, 356731
What are the prime factors of 367186610?
2, 5, 7, 5245523
List the prime factors of 334839330.
2, 3, 5, 7, 457, 1163
List the prime factors of 1280565998.
2, 83, 89, 86677
List the prime factors of 89686683.
3, 23, 1783
What are the prime factors of 1411805570?
2, 5, 7, 20168651
What are the prime factors of 336619133?
73, 4611221
What are the prime factors of 15899813?
2351, 6763
List the prime factors of 6086092.
2, 61, 24943
List the prime factors of 1196564069.
101, 1091, 10859
List the prime factors of 51602222.
2, 7, 863, 4271
List the prime factors of 1691927611.
11, 153811601
List the prime factors of 69596806.
2, 151, 230453
What are the prime factors of 26898099?
3, 131, 68443
List the prime factors of 349610630.
2, 5, 34961063
What are the prime factors of 355288787?
7, 97, 277, 1889
What are the prime factors of 2708580978?
2, 3, 50158907
List the prime factors of 35188600.
2, 5, 29, 6067
What are the prime factors of 377352484?
2, 94338121
What are the prime factors of 1962762242?
2, 7, 73, 367, 5233
What are the prime factors of 409052957?
19, 4157, 5179
What are the prime factors of 1388349825?
3, 5, 18511331
What are the prime factors of 116713294?
2, 167, 223, 1567
List the prime factors of 14627246.
2, 47, 155609
List the prime factors of 871752482.
2, 281, 739, 2099
What are the prime factors of 83855557?
709, 118273
What are the prime factors of 3596899278?
2, 3, 7, 37, 1021, 2267
What are the prime factors of 75208957?
2591, 29027
What are the prime factors of 139653463?
53, 401, 6571
What are the prime factors of 46347986?
2, 23173993
What are the prime factors of 137607341?
137607341
What are the prime factors of 210302426?
2, 71, 1481003
What are the prime factors of 44647270?
2, 5, 17, 181, 1451
What are the prime factors of 94163356?
2, 7, 109, 30853
List the prime factors of 3751440012.
2, 3, 401, 259867
List the prime factors of 5033245542.
2, 3, 13, 61, 81373
List the prime factors of 193129372.
2, 71, 101, 6733
What are the prime factors of 416375535?
3, 5, 173, 160453
What are the prime factors of 5742430?
2, 5, 17, 1987
List the prime factors of 8737688.
2, 277, 3943
What are the prime factors of 23023961?
109, 211229
List the prime factors of 399704904.
2, 3, 257, 21601
List the prime factors of 1097374156.
2, 274343539
What are the prime factors of 30801746?
2, 15400873
List the prime factors of 7668243.
3, 11, 25819
What are the prime factors of 1569988787?
1847, 850021
List the prime factors of 55831545.
3, 5, 7, 11, 41, 131
List the prime factors of 3943096716.
2, 3, 13, 769, 32869
List the prime factors of 3431738648.
2, 13, 1499, 22013
What are the prime factors of 2050329585?
3, 5, 136688639
List the prime factors of 43070845.
5, 193, 44633
List the prime factors of 633506789.
7079, 89491
What are the prime factors of 6737968?
2, 421123
List the prime factors of 260911020.
2, 3, 5, 137, 31741
What are the prime factors of 88444869?
3, 1889, 15607
What are the prime factors of 76406495?
5, 11, 1389209
What are the prime factors of 1853462748?
2, 3, 154455229
List the prime factors of 3764191739.
7, 11, 48885607
List the prime factors of 923666564.
2, 89, 2594569
List the prime factors of 879231048.
2, 3, 29, 1263263
List the prime factors of 5027058710.
2, 5, 23, 139, 157243
What are the prime factors of 239236286?
2, 157, 191, 3989
What are the prime factors of 354460001?
7, 50637143
What are the prime factors of 268239125?
5, 7, 11, 29, 31
List the prime factors of 1493359052.
2, 179, 2085697
What are the prime factors of 599009985?
3, 5, 7, 211291
List the prime factors of 3081466254.
2, 3, 5647, 90947
List the prime factors of 1379403818.
2, 13, 53053993
What are the prime factors of 103289345?
5, 113, 182813
List the prime factors of 534484047.
3, 47, 3790667
What are the prime factors of 2362970444?
2, 53, 1723, 6469
What are the prime factors of 75410753?
11, 19, 360817
What are the prime factors of 1120746793?
1291, 868123
What are the prime factors of 145545655?
5, 4817, 6043
List the prime factors of 99743798.
2, 7, 11, 647687
What are the prime factors of 94079571?
3, 43, 47, 59, 263
List the prime factors of 26440603.
7, 3777229
List the prime factors of 46702355.
5, 7, 1334353
What are the prime factors of 910237570?
2, 5, 11, 613, 13499
What are the prime factors of 524094849?
3, 58232761
What are the prime factors of 7741228822?
2, 1871, 2068741
What are the prime factors of 81897091?
81897091
What are the prime factors of 2032462?
2, 1016231
What are the prime factors of 59460584?
2, 7432573
What are the prime factors of 99194715?
3, 5, 2204327
List the prime factors of 579946765.
5, 115989353
List the prime factors of 2082095.
5, 416419
What are the prime factors of 227512963?
37, 6148999
What are the prime factors of 4184675470?
2, 5, 5387, 77681
What are the prime factors of 1545315156?
2, 3, 7, 11, 31, 367
List the prime factors of 11606962.
2, 283, 20507
List the prime factors of 35317724.
2, 13, 199, 3413
What are the prime factors of 255662183?
7, 41, 890809
What are the prime factors of 1551390370?
2, 5, 155139037
What are the prime factors of 31275005?
5, 41, 61
What are the prime factors of 58356964?
2, 14589241
What are the prime factors of 4903434312?
2, 3, 7, 113, 36899
What are the prime factors of 1964482430?
2, 5, 17, 61, 189439
What are the prime factors of 40424930?
2, 5, 7, 13, 31, 1433
What are the prime factors of 8598895?
5, 23, 3251
What are the prime factors of 31531060?
2, 5, 11, 331, 433
What are the prime factors of 107371138?
2, 7, 7669367
List the prime factors of 1481165425.
5, 19, 3118243
What are the prime factors of 40597196?
2, 10149299
List the prime factors of 703006164.
2, 3, 7, 2789707
List the prime factors of 3929421480.
2, 3, 5, 17, 1926187
List the prime factors of 367690888.
2, 19, 2419019
What are the prime factors of 140986086?
2, 3, 79, 297439
List the prime factors of 4293827964.
2, 3, 119272999
List the prime factors of 128109307.
128109307
List the prime factors of 114422225.
5, 4576889
List the prime factors of 54458723.
11, 29, 31, 5507
List the prime factors of 3478780192.
2, 503, 216127
List the prime factors of 3222608929.
3463, 930583
List the prime factors of 11324204.
2, 2831051
List the prime factors of 51247997.
19, 37, 269, 271
List the prime factors of 47593560.
2, 3, 5, 7, 56659
What are the prime factors of 56807235?
3, 5, 521, 2423
What are the prime factors of 473818443?
3, 7, 29, 778027
What are the prime factors of 243083776?
2, 13, 59, 619
List the prime factors of 76054064.
2, 71, 66949
What are the prime factors of 242514151?
11, 3889, 5669
What are the prime factors of 2997140561?
2997140561
What are the prime factors of 73548548?
2, 18387137
What are the prime factors of 9119319?
3, 11, 276343
List the prime factors of 800473231.
1217, 657743
What are the prime factors of 18319653?
3, 11, 211, 877
What are the prime factors of 762004870?
2, 5, 11, 29, 8237
What are the prime factors of 557477214?
2, 3, 7, 19, 53, 269
List the prime factors of 28782945.
3, 5, 71069
List the prime factors of 534301345.
5, 59, 967, 1873
List the prime factors of 42401616.
2, 3, 19, 2447
What are the prime factors of 1230805994?
2, 11, 29, 1929163
List the prime factors of 1185112216.
2, 41, 191, 18917
What are the prime factors of 644363020?
2, 5, 7, 4602593
What are the prime factors of 645558698?
2, 322779349
List the prime factors of 93820116.
2, 3, 13, 601411
List the prime factors of 215360843.
215360843
What are the prime factors of 135276704?
2, 4227397
List the prime factors of 2109357065.
5, 421871413
List the prime factors of 112765357.
881, 127997
List the prime factors of 62176375.
5, 497411
What are the prime factors of 189673670?
2, 5, 47, 347, 1163
List the prime factors of 4033689.
3, 11, 31, 3943
List the prime factors of 1189392629.
23, 51712723
What are the prime factors of 69801371?
17, 53, 77471
What are the prime factors of 1758624288?
2, 3, 18319003
What are the prime factors of 759096122?
2, 379548061
What are the prime factors of 29448695?
5, 5889739
List the prime factors of 2216460239.
7, 167, 1896031
What are